{"id":11,"date":"2025-07-04T18:50:10","date_gmt":"2025-07-04T18:50:10","guid":{"rendered":"https:\/\/turismo.romita.gob.mx\/?page_id=11"},"modified":"2026-04-07T18:49:22","modified_gmt":"2026-04-07T18:49:22","slug":"inicio","status":"publish","type":"page","link":"https:\/\/turismo.romita.gob.mx\/","title":{"rendered":"Inicio"},"content":{"rendered":"<p>[et_pb_section fb_built=\u00bb1&#8243; fullwidth=\u00bbon\u00bb admin_label=\u00bbHero\u00bb _builder_version=\u00bb4.16&#8243; background_color=\u00bb#233b4e\u00bb parallax=\u00bbon\u00bb custom_padding=\u00bb0px|0px|0px|0px\u00bb global_colors_info=\u00bb{}\u00bb][et_pb_fullwidth_header title=\u00bbROMITA \u00bb background_overlay_color=\u00bbrgba(29,38,51,0.86)\u00bb content_max_width=\u00bb700px\u00bb admin_label=\u00bbHero Section\u00bb _builder_version=\u00bb4.27.4&#8243; title_font=\u00bbOswald|700||on|||||\u00bb title_font_size=\u00bb80px\u00bb title_line_height=\u00bb1.3em\u00bb content_font=\u00bbRoboto||||\u00bb content_font_size=\u00bb20px\u00bb background_color=\u00bbrgba(255, 255, 255, 0)\u00bb background_image=\u00bbhttps:\/\/turismo.romita.gob.mx\/wp-content\/uploads\/2025\/07\/Photo_6684780_DJI_108_pano_14822253_0_202412564156_photo_pano-scaled.jpg\u00bb custom_button_one=\u00bbon\u00bb button_one_border_radius=\u00bb0px\u00bb button_one_letter_spacing=\u00bb4px\u00bb button_one_font=\u00bbOswald|on||on|\u00bb button_one_icon=\u00bb&#x24;||divi||400&#8243; button_one_icon_color=\u00bb#ffffff\u00bb custom_margin=\u00bb|||\u00bb custom_padding=\u00bb150px||150px|\u00bb custom_padding_tablet=\u00bb60px||60px|\u00bb custom_padding_phone=\u00bb\u00bb custom_padding_last_edited=\u00bbon|tablet\u00bb animation_style=\u00bbzoom\u00bb animation_direction=\u00bbbottom\u00bb animation_intensity_zoom=\u00bb4%\u00bb button_one_text_color_hover=\u00bb#ffffff\u00bb button_one_border_color_hover=\u00bb#ffffff\u00bb button_one_border_radius_hover=\u00bb0px\u00bb button_one_letter_spacing_hover=\u00bb4px\u00bb button_one_bg_color_hover=\u00bbrgba(0,0,0,0)\u00bb global_colors_info=\u00bb{}\u00bb button_one_text_size__hover_enabled=\u00bboff\u00bb button_two_text_size__hover_enabled=\u00bboff\u00bb button_one_text_color__hover_enabled=\u00bbon\u00bb button_one_text_color__hover=\u00bb#ffffff\u00bb button_two_text_color__hover_enabled=\u00bboff\u00bb button_one_border_width__hover_enabled=\u00bboff\u00bb button_two_border_width__hover_enabled=\u00bboff\u00bb button_one_border_color__hover_enabled=\u00bbon\u00bb button_one_border_color__hover=\u00bb#ffffff\u00bb button_two_border_color__hover_enabled=\u00bboff\u00bb button_one_border_radius__hover_enabled=\u00bbon\u00bb button_one_border_radius__hover=\u00bb0px\u00bb button_two_border_radius__hover_enabled=\u00bboff\u00bb button_one_letter_spacing__hover_enabled=\u00bbon\u00bb button_one_letter_spacing__hover=\u00bb4px\u00bb button_two_letter_spacing__hover_enabled=\u00bboff\u00bb button_one_bg_color__hover_enabled=\u00bbon\u00bb button_one_bg_color__hover=\u00bbrgba(0,0,0,0)\u00bb button_two_bg_color__hover_enabled=\u00bboff\u00bb]<\/p>\n<p>Un lugar lleno de tradiciones y cultura.<\/p>\n<p>[\/et_pb_fullwidth_header][\/et_pb_section][et_pb_section fb_built=\u00bb1&#8243; admin_label=\u00bbGallery\u00bb _builder_version=\u00bb4.16&#8243; custom_padding=\u00bb0px||0px|\u00bb global_colors_info=\u00bb{}\u00bb][et_pb_row column_structure=\u00bb1_4,1_4,1_4,1_4&#8243; use_custom_gutter=\u00bbon\u00bb gutter_width=\u00bb1&#8243; make_equal=\u00bbon\u00bb module_class=\u00bb et_pb_row_fullwidth\u00bb _builder_version=\u00bb4.16&#8243; width=\u00bb100%\u00bb width_tablet=\u00bb100%\u00bb width_phone=\u00bb100%\u00bb width_last_edited=\u00bbon|desktop\u00bb max_width=\u00bb100%\u00bb max_width_tablet=\u00bb100%\u00bb max_width_phone=\u00bb100%\u00bb max_width_last_edited=\u00bbon|desktop\u00bb custom_padding=\u00bb0px|0px|0px|0px\u00bb make_fullwidth=\u00bbon\u00bb global_colors_info=\u00bb{}\u00bb][et_pb_column type=\u00bb1_4&#8243; _builder_version=\u00bb4.16&#8243; custom_padding=\u00bb|||\u00bb global_colors_info=\u00bb{}\u00bb custom_padding__hover=\u00bb|||\u00bb][et_pb_image src=\u00bbhttps:\/\/turismo.romita.gob.mx\/wp-content\/uploads\/2025\/07\/image-1.jpeg\u00bb title_text=\u00bbimage 1&#8243; show_in_lightbox=\u00bbon\u00bb force_fullwidth=\u00bbon\u00bb src_last_edited=\u00bboff|desktop\u00bb align_tablet=\u00bbcenter\u00bb align_phone=\u00bbcenter\u00bb align_last_edited=\u00bbon|desktop\u00bb _builder_version=\u00bb4.27.4&#8243; animation_style=\u00bbzoom\u00bb animation_direction=\u00bbleft\u00bb animation_duration=\u00bb500ms\u00bb animation_intensity_zoom=\u00bb10%\u00bb global_colors_info=\u00bb{}\u00bb][\/et_pb_image][\/et_pb_column][et_pb_column type=\u00bb1_4&#8243; _builder_version=\u00bb4.16&#8243; custom_padding=\u00bb|||\u00bb global_colors_info=\u00bb{}\u00bb custom_padding__hover=\u00bb|||\u00bb][et_pb_image src=\u00bbhttps:\/\/turismo.romita.gob.mx\/wp-content\/uploads\/2025\/10\/TOSTADA-DE-ENCURTIDOS-para-pagina-tepete.jpg\u00bb title_text=\u00bbTOSTADA DE ENCURTIDOS para p\u00e1gina tepete\u00bb show_in_lightbox=\u00bbon\u00bb force_fullwidth=\u00bbon\u00bb align_tablet=\u00bbcenter\u00bb align_phone=\u00bbcenter\u00bb align_last_edited=\u00bbon|desktop\u00bb _builder_version=\u00bb4.27.4&#8243; animation_style=\u00bbzoom\u00bb animation_direction=\u00bbleft\u00bb animation_duration=\u00bb500ms\u00bb animation_delay=\u00bb100ms\u00bb animation_intensity_zoom=\u00bb10%\u00bb locked=\u00bboff\u00bb global_colors_info=\u00bb{}\u00bb][\/et_pb_image][\/et_pb_column][et_pb_column type=\u00bb1_4&#8243; _builder_version=\u00bb4.16&#8243; custom_padding=\u00bb|||\u00bb global_colors_info=\u00bb{}\u00bb custom_padding__hover=\u00bb|||\u00bb][et_pb_image src=\u00bbhttps:\/\/turismo.romita.gob.mx\/wp-content\/uploads\/2025\/09\/MolePag.jpg\u00bb title_text=\u00bbMolePag\u00bb show_in_lightbox=\u00bbon\u00bb force_fullwidth=\u00bbon\u00bb align_tablet=\u00bbcenter\u00bb align_phone=\u00bbcenter\u00bb align_last_edited=\u00bbon|desktop\u00bb _builder_version=\u00bb4.27.4&#8243; animation_style=\u00bbzoom\u00bb animation_direction=\u00bbleft\u00bb animation_duration=\u00bb500ms\u00bb animation_delay=\u00bb200ms\u00bb animation_intensity_zoom=\u00bb10%\u00bb locked=\u00bboff\u00bb global_colors_info=\u00bb{}\u00bb][\/et_pb_image][\/et_pb_column][et_pb_column type=\u00bb1_4&#8243; _builder_version=\u00bb4.16&#8243; custom_padding=\u00bb|||\u00bb global_colors_info=\u00bb{}\u00bb custom_padding__hover=\u00bb|||\u00bb][et_pb_image src=\u00bbhttps:\/\/turismo.romita.gob.mx\/wp-content\/uploads\/2025\/09\/globo1.jpg\u00bb title_text=\u00bbglobo1&#8243; show_in_lightbox=\u00bbon\u00bb force_fullwidth=\u00bbon\u00bb align_tablet=\u00bbcenter\u00bb align_phone=\u00bbcenter\u00bb align_last_edited=\u00bbon|desktop\u00bb _builder_version=\u00bb4.27.4&#8243; animation_style=\u00bbzoom\u00bb animation_duration=\u00bb500ms\u00bb animation_delay=\u00bb300ms\u00bb animation_intensity_zoom=\u00bb10%\u00bb locked=\u00bboff\u00bb global_colors_info=\u00bb{}\u00bb][\/et_pb_image][\/et_pb_column][\/et_pb_row][\/et_pb_section][et_pb_section fb_built=\u00bb1&#8243; _builder_version=\u00bb4.16&#8243; custom_padding=\u00bb110px||110px|\u00bb global_colors_info=\u00bb{}\u00bb][et_pb_row column_structure=\u00bb1_2,1_2&#8243; _builder_version=\u00bb4.16&#8243; global_colors_info=\u00bb{}\u00bb][et_pb_column type=\u00bb1_2&#8243; _builder_version=\u00bb4.16&#8243; custom_padding=\u00bb|||\u00bb global_colors_info=\u00bb{}\u00bb custom_padding__hover=\u00bb|||\u00bb][et_pb_text admin_label=\u00bbDiscover Beatuty Title\u00bb _builder_version=\u00bb4.16&#8243; text_font=\u00bb||||\u00bb text_text_color=\u00bb#1a1a1a\u00bb header_font=\u00bbOswald|on||on|\u00bb header_text_align=\u00bbleft\u00bb header_font_size=\u00bb60px\u00bb header_line_height=\u00bb1.3em\u00bb animation_style=\u00bbslide\u00bb animation_direction=\u00bb%22fade_in%22&#8243; animation_duration=\u00bb500ms\u00bb animation_intensity_slide=\u00bb10%\u00bb global_colors_info=\u00bb{}\u00bb]<\/p>\n<h1>DIRECCION DE TURISMO ROMitA<\/h1>\n<p>[\/et_pb_text][et_pb_divider color=\u00bb#ed4441&#8243; divider_position=\u00bbcenter\u00bb divider_weight=\u00bb3px\u00bb disabled_on=\u00bboff|off|off\u00bb _builder_version=\u00bb4.16&#8243; max_width=\u00bb150px\u00bb height=\u00bbfalse\u00bb animation_style=\u00bbslide\u00bb animation_direction=\u00bbtop\u00bb animation_delay=\u00bb200ms\u00bb animation_intensity_slide=\u00bb10%\u00bb global_colors_info=\u00bb{}\u00bb][\/et_pb_divider][et_pb_text _builder_version=\u00bb4.27.4&#8243; _module_preset=\u00bbdefault\u00bb global_colors_info=\u00bb{}\u00bb]<\/p>\n<p style=\"text-align: justify;\">La Direcci\u00f3n de Turismo Municipal de Romita tiene como misi\u00f3n promover, preservar y fortalecer el desarrollo tur\u00edstico de nuestro municipio, destacando su riqueza cultural, hist\u00f3rica, religiosa, natural y gastron\u00f3mica.<br \/>Romita, conocido como \u00abEl coraz\u00f3n del Baj\u00edo\u00bb, ofrece una experiencia \u00fanica que combina la calidez de su gente con tradiciones aut\u00e9nticas y un entorno rural encantador. Desde su hist\u00f3rico jard\u00edn principal, sus festividades religiosas llenas de color, hasta sus rutas hist\u00f3ricas en sus haciendas, Romita invita a explorar y disfrutar de cada rinc\u00f3n.<br \/>En la Direcci\u00f3n de Turismo, trabajamos para impulsar proyectos que destaquen nuestras ra\u00edces, atraer visitantes y generar beneficios para nuestra comunidad. Nuestro compromiso es brindar informaci\u00f3n, orientaci\u00f3n y experiencias inolvidables que posicionen a Romita como un destino tur\u00edstico atractivo en el estado de Guanajuato.<\/p>\n<p>\u00a1Ven y descubre Romita, un lugar donde la tradici\u00f3n y la hospitalidad se unen!<\/p>\n<p><strong>MISI\u00d3N:<\/strong> Promover y fortalecer el desarrollo tur\u00edstico sostenible del municipio, destacando su riqueza cultural, hist\u00f3rica, religiosa, natural y gastron\u00f3mica, a trav\u00e9s de la gesti\u00f3n eficiente de recursos, la colaboraci\u00f3n con la comunidad y la creaci\u00f3n de experiencias aut\u00e9nticas que generen bienestar social, econ\u00f3mico y ambiental para los habitantes y visitantes.<\/p>\n<p><strong>VISI\u00d3N:<\/strong> Ser un referente en el impulso del turismo sostenible a nivel regional, estatal y nacional, reconocido por su innovaci\u00f3n, excelencia en la promoci\u00f3n de atractivos locales y la consolidaci\u00f3n de Romita como un destino tur\u00edstico, inclusivo y competitivo, donde tradici\u00f3n y modernidad se integran para ofrecer experiencias inolvidables.<\/p>\n<p>[\/et_pb_text][\/et_pb_column][et_pb_column type=\u00bb1_2&#8243; _builder_version=\u00bb4.16&#8243; custom_padding=\u00bb|||\u00bb global_colors_info=\u00bb{}\u00bb custom_padding__hover=\u00bb|||\u00bb][et_pb_image src=\u00bbhttps:\/\/turismo.romita.gob.mx\/wp-content\/uploads\/2025\/09\/Equipo-Turismo1.jpg\u00bb title_text=\u00bbEquipo Turismo1&#8243; force_fullwidth=\u00bbon\u00bb align_tablet=\u00bbcenter\u00bb align_phone=\u00bbcenter\u00bb align_last_edited=\u00bbon|desktop\u00bb _builder_version=\u00bb4.27.4&#8243; custom_margin=\u00bb90px|||\u00bb animation_style=\u00bbfold\u00bb animation_direction=\u00bbright\u00bb animation_intensity_fold=\u00bb20%\u00bb animation=\u00bbfade_in\u00bb global_colors_info=\u00bb{}\u00bb][\/et_pb_image][et_pb_image src=\u00bbhttps:\/\/turismo.romita.gob.mx\/wp-content\/uploads\/2025\/09\/Consul.jpg\u00bb title_text=\u00bbConsul\u00bb force_fullwidth=\u00bbon\u00bb align_tablet=\u00bbcenter\u00bb align_phone=\u00bbcenter\u00bb align_last_edited=\u00bbon|desktop\u00bb _builder_version=\u00bb4.27.4&#8243; custom_margin=\u00bb123px|||||\u00bb animation_style=\u00bbfold\u00bb animation_direction=\u00bbright\u00bb animation_intensity_fold=\u00bb20%\u00bb animation=\u00bbfade_in\u00bb global_colors_info=\u00bb{}\u00bb][\/et_pb_image][\/et_pb_column][\/et_pb_row][et_pb_row column_structure=\u00bb1_2,1_2&#8243; _builder_version=\u00bb4.16&#8243; custom_margin=\u00bb19px|auto||auto||\u00bb global_colors_info=\u00bb{}\u00bb][et_pb_column type=\u00bb1_2&#8243; _builder_version=\u00bb4.16&#8243; custom_padding=\u00bb|||\u00bb global_colors_info=\u00bb{}\u00bb custom_padding__hover=\u00bb|||\u00bb][et_pb_text admin_label=\u00bbDiscover Beatuty Title\u00bb _builder_version=\u00bb4.27.4&#8243; text_font=\u00bb||||\u00bb text_text_color=\u00bb#1a1a1a\u00bb header_font=\u00bbOswald|on||on|\u00bb header_text_align=\u00bbleft\u00bb header_font_size=\u00bb60px\u00bb header_line_height=\u00bb1.3em\u00bb animation_style=\u00bbslide\u00bb animation_direction=\u00bb%22fade_in%22&#8243; animation_duration=\u00bb500ms\u00bb animation_intensity_slide=\u00bb10%\u00bb global_colors_info=\u00bb{}\u00bb]<\/p>\n<h1>TRADICIONALES FIESTAS GUADALUPANAS<\/h1>\n<p>[\/et_pb_text][et_pb_text admin_label=\u00bbDiscover Beatuty Sub Title\u00bb _builder_version=\u00bb4.27.4&#8243; text_font=\u00bbRoboto||||\u00bb text_text_color=\u00bb#1a1a1a\u00bb text_font_size=\u00bb24px\u00bb text_line_height=\u00bb1.4em\u00bb custom_padding=\u00bb||0px|||\u00bb animation_style=\u00bbslide\u00bb animation_direction=\u00bbtop\u00bb animation_delay=\u00bb100ms\u00bb animation_intensity_slide=\u00bb10%\u00bb global_colors_info=\u00bb{}\u00bb]<\/p>\n<p>Del 03 al 12 de Diciembre<\/p>\n<p>[\/et_pb_text][et_pb_divider color=\u00bb#ed4441&#8243; divider_position=\u00bbcenter\u00bb divider_weight=\u00bb3px\u00bb disabled_on=\u00bboff|off|off\u00bb _builder_version=\u00bb4.16&#8243; max_width=\u00bb150px\u00bb height=\u00bbfalse\u00bb animation_style=\u00bbslide\u00bb animation_direction=\u00bbtop\u00bb animation_delay=\u00bb200ms\u00bb animation_intensity_slide=\u00bb10%\u00bb global_colors_info=\u00bb{}\u00bb][\/et_pb_divider][et_pb_text disabled_on=\u00bbon|on|off%22%22&#8243; admin_label=\u00bbDiscover Beatuty Text\u00bb _builder_version=\u00bb4.27.4&#8243; text_font=\u00bbRoboto||||\u00bb text_font_size=\u00bb16px\u00bb text_line_height=\u00bb1.9em\u00bb custom_padding=\u00bb30px|||\u00bb animation_style=\u00bbslide\u00bb animation_direction=\u00bbtop\u00bb animation_delay=\u00bb300ms\u00bb animation_intensity_slide=\u00bb10%\u00bb global_colors_info=\u00bb{}\u00bb]<\/p>\n<p data-start=\"142\" data-end=\"596\">La historia y la tradici\u00f3n de <strong data-start=\"172\" data-end=\"182\">Romita<\/strong> encuentran uno de sus pilares en la emblem\u00e1tica <strong>Ex<\/strong> <strong data-start=\"231\" data-end=\"254\">Hacienda de la Laja <\/strong>hoy extinta, un punto cargado de memoria donde, a\u00f1o con a\u00f1o, inicia la esencia espiritual que da vida a <strong data-start=\"347\" data-end=\"370\">La Fiesta de Romita<\/strong>, una celebraci\u00f3n con m\u00e1s de tres siglos que honra a Santa Mar\u00eda de Guadalupe. Desde este lugar nace el sentimiento guadalupano que se extiende por toda la ciudad, preparando el ambiente para los d\u00edas m\u00e1s esperados de diciembre.<\/p>\n<p data-start=\"598\" data-end=\"1258\">Del <strong data-start=\"602\" data-end=\"626\">3 al 12 de diciembre<\/strong>, Romita se transforma en un tapiz vibrante de colores, m\u00fasica, fe y alegr\u00eda. Los tradicionales <strong data-start=\"722\" data-end=\"741\">ocho cuarteles<\/strong> \u2014coraz\u00f3n organizativo y cultural del municipio\u2014 toman su turno cada d\u00eda para llenar las calles con identidad propia: danzas, m\u00fasica, cohetes, ofrendas y un esp\u00edritu comunitario que ha trascendido generaciones. El reloj marca un momento clave cuando llegan <strong data-start=\"998\" data-end=\"1021\">las dos de la tarde<\/strong>, hora en que se escuchan los estallidos de bienvenida, las bandas inician su recorrido y el pueblo siente que la fiesta del d\u00eda comienza formalmente; es una costumbre viva que anuncia que Romita sigue celebrando como dicta su tradici\u00f3n.<\/p>\n<p data-start=\"1260\" data-end=\"1721\">Entre los rituales m\u00e1s simb\u00f3licos se encuentra la solemne <strong data-start=\"1318\" data-end=\"1340\">Entrada de la Cera<\/strong>, donde velas adornadas y <strong data-start=\"1366\" data-end=\"1387\">ofrendas florales<\/strong> avanzan acompa\u00f1adas de danzas y devoci\u00f3n hacia el templo principal. Este recorrido, lleno de colores, aromas y sonidos, representa la luz, la fe y la gratitud que la comunidad entrega a su patrona. Es una de las escenas m\u00e1s emblem\u00e1ticas del festejo, capaz de conmover tanto a visitantes como a quienes han crecido con esta tradici\u00f3n.<\/p>\n<p data-start=\"1723\" data-end=\"2078\">Y mientras la fe ilumina las calles durante el d\u00eda, la alegr\u00eda se desborda por la noche del 11 de Diciembre, con el esperado <strong data-start=\"1827\" data-end=\"1850\">Gran Baile de Feria<\/strong>, un encuentro que re\u00fane a familias, amigos y visitantes para disfrutar de m\u00fasica en vivo, ambiente festivo y el \u00e1nimo contagioso que caracteriza a Romita. Es el cierre perfecto para d\u00edas llenos de tradici\u00f3n, cultura y devoci\u00f3n.<\/p>\n<p data-start=\"2080\" data-end=\"2376\">As\u00ed, entre historia, espiritualidad, danza, m\u00fasica y celebraci\u00f3n, <strong data-start=\"2146\" data-end=\"2169\">La Fiesta de Romita<\/strong> se vive intensamente en cada rinc\u00f3n del municipio. Una experiencia que abraza al visitante y le permite descubrir por qu\u00e9 esta es una de las celebraciones guadalupanas m\u00e1s importantes y queridas del estado.<\/p>\n<p>[\/et_pb_text][et_pb_text admin_label=\u00bbDiscover Beatuty Title\u00bb _builder_version=\u00bb4.27.4&#8243; text_font=\u00bb||||\u00bb text_text_color=\u00bb#1a1a1a\u00bb header_font=\u00bbOswald|on||on|\u00bb header_text_align=\u00bbleft\u00bb header_font_size=\u00bb60px\u00bb header_line_height=\u00bb1.3em\u00bb animation_style=\u00bbslide\u00bb animation_direction=\u00bb%22fade_in%22&#8243; animation_duration=\u00bb500ms\u00bb animation_intensity_slide=\u00bb10%\u00bb global_colors_info=\u00bb{}\u00bb]<\/p>\n<h1>FESTEJOS DE ANIVERSARIO DE FUNDACI\u00d3N<\/h1>\n<p>[\/et_pb_text][et_pb_text disabled_on=\u00bbon|on|off%22%22&#8243; admin_label=\u00bbDiscover Beatuty Text\u00bb _builder_version=\u00bb4.27.4&#8243; text_font=\u00bbRoboto||||\u00bb text_font_size=\u00bb16px\u00bb text_line_height=\u00bb1.9em\u00bb custom_padding=\u00bb30px|||\u00bb animation_style=\u00bbslide\u00bb animation_direction=\u00bbtop\u00bb animation_delay=\u00bb300ms\u00bb animation_intensity_slide=\u00bb10%\u00bb global_colors_info=\u00bb{}\u00bb]<\/p>\n<p data-start=\"0\" data-end=\"351\">Cada a\u00f1o, semanas previas al 29 de abril, Romita se viste de fiesta para celebrar lo que verdaderamente le da sentido: su gente, sus ra\u00edces y su identidad. M\u00e1s all\u00e1 de una fecha en el calendario, este d\u00eda representa el orgullo de ser romitense, una oportunidad para reencontrarse con la historia que ha dado forma a la comunidad y fortalecer los lazos que la mantienen unida.<\/p>\n<p data-start=\"353\" data-end=\"862\">Las calles se llenan de vida con carnavales que contagian alegr\u00eda, donde los colores, la m\u00fasica y las tradiciones se entrelazan en un ambiente festivo que invita a todos a participar. Las danzas folkl\u00f3ricas evocan el pasado y honran nuestras costumbres, mientras que los bailes y espect\u00e1culos aportan energ\u00eda, dinamismo y emoci\u00f3n a cada rinc\u00f3n del municipio. A ello se suman presentaciones teatrales, musicales y diversas expresiones art\u00edsticas que enriquecen la celebraci\u00f3n con talento, creatividad y pasi\u00f3n.<\/p>\n<p data-start=\"864\" data-end=\"1172\">Es un momento donde generaciones se encuentran: quienes han crecido en esta tierra y quienes la visitan, descubren en Romita un lugar donde la identidad no solo se preserva, sino que se vive intensamente. Cada rinc\u00f3n se convierte en escenario de convivencia, de orgullo compartido y de celebraci\u00f3n colectiva.<\/p>\n<p data-start=\"1174\" data-end=\"1473\" data-is-last-node=\"\" data-is-only-node=\"\">Romita es tradici\u00f3n que permanece, es cultura que se transforma y es comunidad que se fortalece. Y cada a\u00f1o, en esta fecha tan especial, se reafirma el compromiso de seguir construyendo juntos una historia llena de significado, donde la uni\u00f3n y el sentido de pertenencia son el coraz\u00f3n de la fiesta. \u00a1Ven a Romita! Te encantar\u00e1.<\/p>\n<p>[\/et_pb_text][\/et_pb_column][et_pb_column type=\u00bb1_2&#8243; _builder_version=\u00bb4.16&#8243; custom_padding=\u00bb|||\u00bb global_colors_info=\u00bb{}\u00bb custom_padding__hover=\u00bb|||\u00bb][et_pb_image src=\u00bbhttps:\/\/turismo.romita.gob.mx\/wp-content\/uploads\/2025\/11\/585355102_885532627478802_2143734939010442422_n.jpg\u00bb title_text=\u00bb585355102_885532627478802_2143734939010442422_n\u00bb force_fullwidth=\u00bbon\u00bb align_tablet=\u00bbcenter\u00bb align_phone=\u00bbcenter\u00bb align_last_edited=\u00bbon|desktop\u00bb _builder_version=\u00bb4.27.4&#8243; custom_margin=\u00bb90px|||\u00bb animation_style=\u00bbfold\u00bb animation_direction=\u00bbright\u00bb animation_intensity_fold=\u00bb20%\u00bb animation=\u00bbfade_in\u00bb global_colors_info=\u00bb{}\u00bb][\/et_pb_image][et_pb_image src=\u00bbhttps:\/\/turismo.romita.gob.mx\/wp-content\/uploads\/2025\/11\/485793496_693643796667687_2549739200508336784_n-1.jpg\u00bb title_text=\u00bb485793496_693643796667687_2549739200508336784_n (1)\u00bb force_fullwidth=\u00bbon\u00bb align_tablet=\u00bbcenter\u00bb align_phone=\u00bbcenter\u00bb align_last_edited=\u00bbon|desktop\u00bb _builder_version=\u00bb4.27.4&#8243; custom_margin=\u00bb90px|||\u00bb animation_style=\u00bbfold\u00bb animation_direction=\u00bbright\u00bb animation_intensity_fold=\u00bb20%\u00bb animation=\u00bbfade_in\u00bb global_colors_info=\u00bb{}\u00bb][\/et_pb_image][et_pb_image src=\u00bbhttps:\/\/turismo.romita.gob.mx\/wp-content\/uploads\/2026\/04\/romita-01-scaled.png\u00bb title_text=\u00bbromita-01&#8243; force_fullwidth=\u00bbon\u00bb align_tablet=\u00bbcenter\u00bb align_phone=\u00bbcenter\u00bb align_last_edited=\u00bbon|desktop\u00bb _builder_version=\u00bb4.27.4&#8243; custom_margin=\u00bb90px|||\u00bb animation_style=\u00bbfold\u00bb animation_direction=\u00bbright\u00bb animation_intensity_fold=\u00bb20%\u00bb hover_enabled=\u00bb0&#8243; animation=\u00bbfade_in\u00bb global_colors_info=\u00bb{}\u00bb sticky_enabled=\u00bb0&#8243; min_height=\u00bb770.3px\u00bb][\/et_pb_image][\/et_pb_column][\/et_pb_row][\/et_pb_section][et_pb_section fb_built=\u00bb1&#8243; admin_label=\u00bbCTA\u00bb _builder_version=\u00bb4.16&#8243; background_image=\u00bbhttps:\/\/turismo.romita.gob.mx\/wp-content\/uploads\/2025\/07\/travel-landscape-13.png\u00bb parallax=\u00bbon\u00bb custom_margin=\u00bb|||\u00bb custom_padding=\u00bb0px|||\u00bb global_colors_info=\u00bb{}\u00bb][et_pb_row use_custom_gutter=\u00bbon\u00bb gutter_width=\u00bb1&#8243; custom_padding_last_edited=\u00bbon|tablet\u00bb module_class=\u00bb et_pb_row_fullwidth\u00bb _builder_version=\u00bb4.16&#8243; use_background_color_gradient=\u00bbon\u00bb background_color_gradient_stops=\u00bb#ffffff 0%|rgba(255,255,255,0) 22%\u00bb background_color_gradient_start=\u00bb#ffffff\u00bb background_color_gradient_end=\u00bbrgba(255,255,255,0)\u00bb background_color_gradient_end_position=\u00bb22%\u00bb background_size=\u00bbinitial\u00bb background_position=\u00bbtop_left\u00bb background_repeat=\u00bbrepeat\u00bb width=\u00bb100%\u00bb width_tablet=\u00bb100%\u00bb width_phone=\u00bb100%\u00bb width_last_edited=\u00bbon|desktop\u00bb max_width=\u00bb100%\u00bb max_width_tablet=\u00bb100%\u00bb max_width_phone=\u00bb100%\u00bb max_width_last_edited=\u00bbon|desktop\u00bb custom_padding=\u00bb220px|0px|220px|0px\u00bb custom_padding_tablet=\u00bb0px|||\u00bb custom_padding_phone=\u00bb\u00bb make_fullwidth=\u00bbon\u00bb global_colors_info=\u00bb{}\u00bb][et_pb_column type=\u00bb4_4&#8243; _builder_version=\u00bb4.16&#8243; custom_padding=\u00bb|||\u00bb global_colors_info=\u00bb{}\u00bb custom_padding__hover=\u00bb|||\u00bb][et_pb_text admin_label=\u00bbCTA Section Title\u00bb _builder_version=\u00bb4.16&#8243; text_font=\u00bb||||\u00bb text_line_height=\u00bb1em\u00bb header_font=\u00bbOswald|on||on|\u00bb header_text_align=\u00bbcenter\u00bb header_font_size=\u00bb60px\u00bb header_line_height=\u00bb1.3em\u00bb background_size=\u00bbinitial\u00bb background_position=\u00bbtop_left\u00bb background_repeat=\u00bbrepeat\u00bb module_alignment=\u00bbcenter\u00bb custom_margin=\u00bb||60px|\u00bb custom_padding=\u00bb|||\u00bb animation_style=\u00bbslide\u00bb animation_direction=\u00bbtop\u00bb animation_intensity_slide=\u00bb10%\u00bb locked=\u00bboff\u00bb global_colors_info=\u00bb{}\u00bb]<\/p>\n<h1>No esperes, ven a romita!<\/h1>\n<p>[\/et_pb_text][et_pb_image src=\u00bbhttps:\/\/turismo.romita.gob.mx\/wp-content\/uploads\/2025\/07\/couple2.png\u00bb show_bottom_space=\u00bboff\u00bb align=\u00bbcenter\u00bb align_tablet=\u00bbcenter\u00bb align_phone=\u00bbcenter\u00bb align_last_edited=\u00bbon|desktop\u00bb _builder_version=\u00bb4.16&#8243; custom_margin=\u00bb100px|||\u00bb animation_direction=\u00bbleft\u00bb global_colors_info=\u00bb{}\u00bb][\/et_pb_image][\/et_pb_column][\/et_pb_row][\/et_pb_section]<\/p>\n","protected":false},"excerpt":{"rendered":"<p>Un lugar lleno de tradiciones y cultura.DIRECCION DE TURISMO ROMitALa Direcci\u00f3n de Turismo Municipal de Romita tiene como misi\u00f3n promover, preservar y fortalecer el desarrollo tur\u00edstico de nuestro municipio, destacando su riqueza cultural, hist\u00f3rica, religiosa, natural y gastron\u00f3mica.Romita, conocido como \u00abEl coraz\u00f3n del Baj\u00edo\u00bb, ofrece una experiencia \u00fanica que combina la calidez de su gente [&hellip;]<\/p>\n","protected":false},"author":1,"featured_media":0,"parent":0,"menu_order":0,"comment_status":"closed","ping_status":"closed","template":"","meta":{"_et_pb_use_builder":"on","_et_pb_old_content":"","_et_gb_content_width":"","footnotes":""},"class_list":["post-11","page","type-page","status-publish","hentry"],"_links":{"self":[{"href":"https:\/\/turismo.romita.gob.mx\/index.php\/wp-json\/wp\/v2\/pages\/11","targetHints":{"allow":["GET"]}}],"collection":[{"href":"https:\/\/turismo.romita.gob.mx\/index.php\/wp-json\/wp\/v2\/pages"}],"about":[{"href":"https:\/\/turismo.romita.gob.mx\/index.php\/wp-json\/wp\/v2\/types\/page"}],"author":[{"embeddable":true,"href":"https:\/\/turismo.romita.gob.mx\/index.php\/wp-json\/wp\/v2\/users\/1"}],"replies":[{"embeddable":true,"href":"https:\/\/turismo.romita.gob.mx\/index.php\/wp-json\/wp\/v2\/comments?post=11"}],"version-history":[{"count":27,"href":"https:\/\/turismo.romita.gob.mx\/index.php\/wp-json\/wp\/v2\/pages\/11\/revisions"}],"predecessor-version":[{"id":331,"href":"https:\/\/turismo.romita.gob.mx\/index.php\/wp-json\/wp\/v2\/pages\/11\/revisions\/331"}],"wp:attachment":[{"href":"https:\/\/turismo.romita.gob.mx\/index.php\/wp-json\/wp\/v2\/media?parent=11"}],"curies":[{"name":"wp","href":"https:\/\/api.w.org\/{rel}","templated":true}]}}